2*j**2. Let h(q) be the first derivative of n(q). Give h(3).
5
Let t(x) = -x**2 - 8*x - 9. Let i be t(-6). Let k(d) = 0 + 0 + 0 + 3 - 3*d. Give k(i).
-6
Let g be (2/(-5))/(3/(-345)). Let v be 1 + -1 - g - -1. Let z be (v/(-12))/3*-4. Let s(y) = -y - 7. Calculate s(z).
-2
Let d(h) = h**2 + h - 1. Let q(f) = -8*f**2 - 4*f + 7. Let o(v) = -6*d(v) - q(v). Calculate o(2).
3
Let f(s) = 0*s**2 - s**3 - 4*s + 4*s**2 - 6*s**2 + 7*s**2 + 5. Determine f(4).
5
Suppose 77 - 17 = 5*x + 4*f, 3*f = 3*x - 36. Suppose -x = 2*g - 0*g. Let i(z) = -z**2 - 5*z - 6. Calculate i(g).
-12
Let r(y) = y**2 - 4*y - 4. Let a(q) = q**3 - 6*q**2 - 7*q + 5. Let m be a(7). Suppose -m*n + 0*c + 8 = 4*c, -2*n = -2*c - 14. Calculate r(n).
-4
Let a(h) = 3*h**3 - 28*h**2 + 31*h - 3. Let b(j) = -2*j**3 + 19*j**2 - 21*j + 2. Let y(m) = 5*a(m) + 7*b(m). Give y(6).
11
Let d(w) be the first derivative of w**2/2 - 4*w - 6. Let o be 1 + -2 - (7 + -8). What is d(o)?
-4
Let n(h) be the first derivative of h**5/20 - h**4/6 + h**2/2 + 3*h + 1. Let k(l) be the first derivative of n(l). Give k(1).
0
Let r(g) = g**2 + g. Suppose 0 = 38*f - 42*f - 16. Calculate r(f).
12
Let i be ((-3)/(-2))/(3/(-6)). Let w(a) be the second derivative of a**4/24 + 2*a**3/3 + a**2 - a. Let l(j) be the first derivative of w(j). Give l(i).
1
Let u(d) be the first derivative of d**4/4 - 2*d**3/3 - d**2 + 3*d + 10. Let y be u(2). Let b(q) = 3*q**3 + q**2 + q. Give b(y).
-3
Let u(q) = -5*q - 7*q + q**3 + 4*q**2 + 5 - 4*q + 20*q. Calculate u(-4).
-11
Suppose 2*a - 6 = 6. Let b(h) = 2. Let t(z) = -z + 9. Let v(g) = b(g) - t(g). Calculate v(a).
-1
Let q(u) = 3*u + 3. Let o be q(1). Let n(y) = -8*y - 32. Let k(p) = -3*p - 11. Let w(r) = -11*k(r) + 4*n(r). Calculate w(o).
-1
Suppose 20 = 5*b + 15. Let d = -4 + b. Let z(x) = -2 + 3*x - x**3 - 6*x**2 + 6 + 3*x**2. Calculate z(d).
-5
Let o(z) = -z**2 + 1. Let x(i) = 4*i**2 + 5*i. Let g = -4 - -1. Let w(m) = g*o(m) - x(m). Calculate w(-3).
3
Suppose h = -2*h - 3*m + 3, 2*h + m - 4 = 0. Let n(s) = -3 + h - 2*s. Let d be (13/(-2) - -4)*-2. Give n(d).
-10
Let w(m) = m + 14. Let b be w(-10). Let c(k) = -2*k + 0*k + k - b. Let l = 8 - 11. Calculate c(l).
-1
Let n = -12 - -37/3. Let h(y) be the second derivative of y - y**2 + 0 - n*y**3. Calculate h(-5).
8
Let t = 5 + -2. Let i(u) be the second derivative of u**4/12 - 2*u**3/3 - u**2/2 + 8*u. What is i(t)?
-4
Let h = -1 - -3. Let q = 1 + h. Let v(l) = 3*l - 4*l + 0*l + 2. Give v(q).
-1
Let p(a) = -3*a - 5. Let k be p(-2). Suppose n + 5 = -3*s + 2*n, 3*n = -5*s + 1. Let j be (s - -2)/(k/(-1)). Let m(r) = 7*r**3 + r**2 + r + 1. What is m(j)?
-6
Let n = 6 - 9. Let t = n + 5. Let u(b) = t - 2*b - 4 + 7. Determine u(5).
-5
Let d(r) be the third derivative of -r**4/12 - 2*r**3/3 - 3*r**2. Let s(f) = -5*f**2 + f - 1. Let j be s(1). Give d(j).
6
Let z(r) = -r**3 - 3*r**2 + 1. Suppose -9 = 5*g - 4. Determine z(g).
-1
Let x(k) = k**3 + 5*k**2 - 7*k - 5. Let j(i) = 2*i - 3*i - 3*i + 7*i. Let c be j(-2). Give x(c).
1
Let u(a) = -a - 3. Let j be u(-3). Let b(t) = t + 2 - t**3 + 0*t**3 - 2*t**2 + j*t**3. Calculate b(-2).
0
Suppose -3*v - 6 = 0, v = -0*y - 4*y + 14. Suppose -2 = -y*u + 2*u. Let c(w) be the first derivative of 5*w**2 - w + 3. What is c(u)?
9
Let j(q) = 2*q**3 + 17*q**2 - 19*q + 17. Let g(o) = o**3 + 8*o**2 - 9*o + 8. Let z(d) = -7*g(d) + 3*j(d). What is z(-6)?
-5
Suppose -l - 3*q = -8, 0 = 4*l - 0*l - 3*q + 28. Let c(z) be the third derivative of z**3/6 - z**2. Let b(t) = t + 2. Let n(j) = -b(j) - 4*c(j). Give n(l).
-2
Suppose 0 = -3*g + 5*n + 16, 2*g + 0*g - 3*n = 10. Let t(c) = -3*c - 4 + 0*c**g + 2*c**2 - c**2 + 2*c. Calculate t(3).
2
Let p(s) = 3*s**2 + 3*s + 2. Let z(f) = -2*f**2 - 2*f - 1. Let w(i) = -3*p(i) - 5*z(i). Let h(n) = n**2 + 6*n + 2. Let q be h(-4). Let v = -5 - q. Give w(v).
1
Let g(y) = 2 - 13*y + 11*y + 8*y**3 - 3 - 2*y**2. Give g(-1).
-9
Let m(b) be the second derivative of b**8/6720 - b**7/2520 - b**6/180 - b**4/4 - 3*b. Let n(y) be the third derivative of m(y). Calculate n(3).
6
Let j(l) = -l + 1. Let v be j(-5). Let q be 4/v - (-30)/9. Suppose 4*g - 32 = -4*w, -9 - 17 = -q*w - g. Let u(c) = -c + 7. Determine u(w).
1
Let j(p) = p - 2. Suppose 11*d - 6 = 8*d. Suppose -5*m + 18 = -d*q + 5*q, 0 = 2*m - 2*q - 4. Determine j(m).
1
Let k(p) = 3*p + 4. Let d(l) = -l - 1. Let i(n) = -17*d(n) - 6*k(n). Let y = 2 - 2. Give i(y).
-7
Let r(x) = -x**3 - 6*x**2 + 2*x + 6. Let m = 25 - 31. What is r(m)?
-6
Let z(s) = s**2 - 5*s - 5. Let q be z(5). Let b = 2 + -1. Let o(n) = -n**3 + 8*n**2 - 8*n + 2. Let w(v) = v**2 - v. Let t(d) = b*o(d) + q*w(d). What is t(2)?
0
Let s(l) be the third derivative of -l**4/24 - l**2. Let i(k) = k**2 - 2*k - 4. Let p be i(3). Let a(w) = 2*w - 1. Let c(b) = p*s(b) - a(b). Calculate c(-2).
3
Let h(w) = 3*w + 4. Let s(x) = -x. Let p(b) = h(b) - 4*s(b). Let g = -3 + -2. Let y(m) = 6*m + 4. Let a(v) = g*p(v) + 6*y(v). What is a(-3)?
1
Let k(u) = u + 2. Let r = 130 + -130. Determine k(r).
2
Let b(s) be the third derivative of 0 + 1/6*s**3 + s**2 + 1/15*s**5 + 0*s + 0*s**4. Calculate b(-1).
5
Suppose -8 = -5*z + 2. Let q(a) = -3 - 17*a**2 - 2*a + 6*a**z + 2. Let d = -1 - 0. Determine q(d).
-10
Let p be (-63)/(-27)*(0 - 1/(-2)). Let g(o) be the third derivative of 0 + o**2 - p*o**3 + 1/60*o**5 - 1/8*o**4 + 0*o. What is g(5)?
3
Let r = -25 - -50. Let b = -20 + r. Let h(u) = -2*u + 2. Determine h(b).
-8
Suppose 4*c - 3*c = -8. Let a = -3 - c. Let y(w) = -3*w + 1. Let m(o) = 8*o - 3. Let h(u) = 4*m(u) + 11*y(u). Determine h(a).
-6
Let q(o) be the second derivative of -1/12*o**4 + 7/6*o**3 + 3*o + 0 + 3*o**2. What is q(6)?
12
Suppose -3*x - 2 = 3*z - 7*x, -4*x = -4*z. Suppose g + z*g - 1 = -v, -2*v + 3*g = 7. Let l(a) = a - 5*a - 2 + 3. Give l(v).
9
Let z(w) = w**3 + 2*w**2 - w. Suppose -3*v - 2*v + 17 = r, -3*r = 5*v - 11. Give z(r).
-6
Let q(l) be the second derivative of -l**4/4 - 2*l. Suppose 0 = -6*g - 0 - 6. Calculate q(g).
-3
Let b(q) be the second derivative of -q**3/6 + 5*q**2/2 + 13*q. Give b(11).
-6
Suppose 0 = 5*l + 3*o - 18, -l + 4*o = -5*l + 16. Let j(t) be the first derivative of t**3/3 - t + 1. What is j(l)?
8
Let y(n) = n + 10. Let j(s) = 1. Let d(z) = -5*j(z) + y(z). Give d(0).
5
Let l(v) = -5*v**3 - 2*v**2 + 3*v - 2. Let n(o) = -o**3. Let p(a) = l(a) - 6*n(a). Determine p(2).
4
Let g(m) be the second derivative of m**4/12 - m**3/2 + m. Let q be 16/(-12)*(-3 - 0). What is g(q)?
4
Let r(x) = 0 + 2*x**2 - 4 - 8*x + 3*x + x**3. Suppose -7*n - 12 = -3*n. Give r(n).
2
Let b(t) = 0*t**3 + t**3 - 19*t**2 + 18*t**2 + t. Let g = -1 + 2. Let q = 0 + g. Calculate b(q).
1
Let t(r) = 2*r**2 + r - 1. Suppose -7*w = -2*w - 5. Let k = -3 + w. Let x = -4 - k. Give t(x).
5
Let p(y) be the third derivative of 1/4*y**4 - y**3 + 0 + 0*y + y**2 + 1/60*y**5. Let c be (-7 + -1)*18/120*5. What is p(c)?
-6
Let a be (4/(-6))/(2/3). Let y(q) be the third derivative of q**5/60 + 2*q**3/3 - 3*q**2. Let g(b) be the first derivative of y(b). Determine g(a).
-2
Let s = 11 - 10. Let i(v) = 5 - 2*v - s + 3. Let g be (-24)/9*27/(-12). Give i(g).
-5
Let d be (-8)/2*(-3)/2. Suppose 12 = 3*z, -4*a - 3*z + 14 = -3*a. Let i(t) = -d*t - 4*t**2 + a*t**2 - 7 + t**2. What is i(-5)?
-2
Let j(f) = f - 5. Suppose -3*a + 0*a + 6 = 0. Let g be ((-2)/(-2))/(a/6). Determine j(g).
-2
Let u(p) = p**3 - 3*p - 2 + 2*p**3 - 3*p**2 + p**3 - 5*p**3. Suppose -2*a + 9 = -3*l, 0 = -0*a - a - l - 8. Calculate u(a).
7
Let g(d) = d**2 + 2*d - 1. Let a(y) = y + 3. Let i be a(0). Suppose -10 = -11*r + 6*r + 5*z, -r - i*z = 14. What is g(r)?
-1
Let u(v) = v - 2. Let l(p) = 6*p - 11. Let q(g) = 2*l(g) - 11*u(g). Let k(y) = 3*y. Let m(w) = -k(w) + 5*q(w). Calculate m(-6).
-12
Let t(f) = -2*f - 4. Let d = -9 - -6. What is t(d)?
2
Let u be ((-108)/48)/((-6)/16). Let b(h) = -h**3 + 7*h**2 - 8*h + 7. Let z be b(u). Let d(c) = c**3 + 4*c**2 - 5*c - 1. Calculate d(z).
-1
Let i = -10 + 6. Let s(q) = 3 + 2*q + 0*q**2 + q**2 + q. Calculate s(i).
7
Let y be (-1)/(-3) - (-224)/21. Suppose -3*h = 2*v - 15, -4*h + 9 = 5*v - y. Let x(p) = p**2 - p - 7. Determine x(v).
-7
Let k(o) = 4*o - 6. Let v be (-120)/36*((-3)/2)/1. What is k(v)?
14
Let v(d) be the first derivative of d**4/4 + 3*d**3 + 3*d**2 - 4*d + 1. Let t be v(-8). Let b be (-2)/6*t*-1. Let i(p) = p**2 - 4*p